he prime factors of 26393.
26393
List the prime factors of 2422.
2, 7, 173
What are the prime factors of 4373?
4373
What are the prime factors of 282?
2, 3, 47
What are the prime factors of 77843?
17, 19, 241
What are the prime factors of 1581?
3, 17, 31
List the prime factors of 120.
2, 3, 5
List the prime factors of 35912.
2, 67
List the prime factors of 2807.
7, 401
What are the prime factors of 2479?
37, 67
List the prime factors of 72.
2, 3
What are the prime factors of 1352?
2, 13
List the prime factors of 8993.
17, 23
List the prime factors of 46462.
2, 13, 1787
What are the prime factors of 74902?
2, 17, 2203
List the prime factors of 1117.
1117
What are the prime factors of 648?
2, 3
List the prime factors of 40686.
2, 3, 6781
What are the prime factors of 5681?
13, 19, 23
What are the prime factors of 26358?
2, 3, 23, 191
What are the prime factors of 130287?
3, 137, 317
What are the prime factors of 3320?
2, 5, 83
What are the prime factors of 86267?
281, 307
What are the prime factors of 3656?
2, 457
What are the prime factors of 70?
2, 5, 7
List the prime factors of 16837.
113, 149
List the prime factors of 7017.
3, 2339
What are the prime factors of 2284?
2, 571
What are the prime factors of 126187?
257, 491
What are the prime factors of 35852?
2, 8963
List the prime factors of 28766.
2, 19, 757
What are the prime factors of 131?
131
What are the prime factors of 19028?
2, 67, 71
What are the prime factors of 3754?
2, 1877
List the prime factors of 17699.
11, 1609
List the prime factors of 5109.
3, 13, 131
What are the prime factors of 13829?
13829
What are the prime factors of 1414?
2, 7, 101
What are the prime factors of 228?
2, 3, 19
What are the prime factors of 2765?
5, 7, 79
List the prime factors of 60818.
2, 47, 647
What are the prime factors of 7339?
41, 179
What are the prime factors of 46766?
2, 67, 349
List the prime factors of 593.
593
List the prime factors of 24690.
2, 3, 5, 823
List the prime factors of 8415.
3, 5, 11, 17
What are the prime factors of 86253?
3, 28751
What are the prime factors of 15795?
3, 5, 13
List the prime factors of 93151.
93151
List the prime factors of 95255.
5, 19051
What are the prime factors of 815?
5, 163
List the prime factors of 2064.
2, 3, 43
List the prime factors of 37266.
2, 3, 6211
What are the prime factors of 28095?
3, 5, 1873
What are the prime factors of 1098?
2, 3, 61
What are the prime factors of 30984?
2, 3, 1291
List the prime factors of 1003.
17, 59
List the prime factors of 155.
5, 31
List the prime factors of 733.
733
What are the prime factors of 24422?
2, 12211
What are the prime factors of 4060?
2, 5, 7, 29
List the prime factors of 102.
2, 3, 17
List the prime factors of 36753.
3, 12251
What are the prime factors of 63553?
7, 1297
What are the prime factors of 140?
2, 5, 7
What are the prime factors of 3452?
2, 863
What are the prime factors of 82?
2, 41
What are the prime factors of 21464?
2, 2683
What are the prime factors of 57602?
2, 83, 347
What are the prime factors of 1917?
3, 71
List the prime factors of 6605.
5, 1321
List the prime factors of 956.
2, 239
What are the prime factors of 923?
13, 71
List the prime factors of 2461.
23, 107
List the prime factors of 12200.
2, 5, 61
List the prime factors of 2905.
5, 7, 83
What are the prime factors of 24902?
2, 12451
List the prime factors of 47033.
7, 6719
What are the prime factors of 3031?
7, 433
What are the prime factors of 48010?
2, 5, 4801
What are the prime factors of 17474?
2, 8737
What are the prime factors of 132457?
13, 23, 443
What are the prime factors of 175946?
2, 87973
List the prime factors of 17921.
17921
List the prime factors of 64752.
2, 3, 19, 71
What are the prime factors of 18840?
2, 3, 5, 157
What are the prime factors of 265?
5, 53
What are the prime factors of 2255?
5, 11, 41
List the prime factors of 247.
13, 19
List the prime factors of 8963.
8963
What are the prime factors of 718?
2, 359
List the prime factors of 1095.
3, 5, 73
What are the prime factors of 10950?
2, 3, 5, 73
What are the prime factors of 61079?
103, 593
What are the prime factors of 1975?
5, 79
What are the prime factors of 10217?
17, 601
What are the prime factors of 24750?
2, 3, 5, 11
What are the prime factors of 769?
769
List the prime factors of 1177.
11, 107
List the prime factors of 450.
2, 3, 5
List the prime factors of 13.
13
What are the prime factors of 1007?
19, 53
List the prime factors of 1842.
2, 3, 307
What are the prime factors of 54085?
5, 29, 373
What are the prime factors of 10548?
2, 3, 293
List the prime factors of 13914.
2, 3, 773
List the prime factors of 1221.
3, 11, 37
List the prime factors of 62986.
2, 7, 11, 409
What are the prime factors of 2512?
2, 157
List the prime factors of 1070.
2, 5, 107
List the prime factors of 105503.
105503
What are the prime factors of 1038?
2, 3, 173
List the prime factors of 1149.
3, 383
List the prime factors of 4838.
2, 41, 59
What are the prime factors of 6682?
2, 13, 257
What are the prime factors of 24617?
103, 239
List the prime factors of 286.
2, 11, 13
List the prime factors of 2480.
2, 5, 31
List the prime factors of 24165.
3, 5, 179
What are the prime factors of 1172?
2, 293
List the prime factors of 87088.
2, 5443
List the prime factors of 1388.
2, 347
What are the prime factors of 12145?
5, 7, 347
What are the prime factors of 1158?
2, 3, 193
What are the prime factors of 818?
2, 409
List the prime factors of 1327.
1327
What are the prime factors of 2932?
2, 733
List the prime factors of 102162.
2, 3, 17027
What are the prime factors of 51713?
51713
What are the prime factors of 5172?
2, 3, 431
List the prime factors of 22946.
2, 7, 11, 149
What are the prime factors of 1064?
2, 7, 19
List the prime factors of 230.
2, 5, 23
List the prime factors of 39654.
2, 3, 2203
List the prime factors of 2027.
2027
List the prime factors of 855.
3, 5, 19
List the prime factors of 678.
2, 3, 113
List the prime factors of 5467.
7, 11, 71
List the prime factors of 1682.
2, 29
List the prime factors of 86481.
3, 3203
What are the prime factors of 96385?
5, 37, 521
What are the prime factors of 25?
5
List the prime factors of 30552.
2, 3, 19, 67
What are the prime factors of 15510?
2, 3, 5, 11, 47
List the prime factors of 7598.
2, 29, 131
List the prime factors of 1411.
17, 83
List the prime factors of 15458.
2, 59, 131
List the prime factors of 38664.
2, 3, 179
List the prime factors of 760.
2, 5, 19
List the prime factors of 23812.
2, 5953
What are the prime factors of 11738?
2, 5869
What are the prime factors of 1497?
3, 499
List the prime factors of 1911.
3, 7, 13
What are the prime factors of 106742?
2, 19, 53
List the prime factors of 2771.
17, 163
List the prime factors of 3151.
23, 137
What are the prime factors of 6354?
2, 3, 353
List the prime factors of 1071.
3, 7, 17
What are the prime factors of 38741?
19, 2039
List the prime factors of 2466.
2, 3, 137
What are the prime factors of 4253?
4253
What are the prime factors of 23425?
5, 937
What are the prime factors of 44667?
3, 7, 709
List the prime factors of 10872.
2, 3, 151
List the prime factors of 6804.
2, 3, 7
What are the prime factors of 24581?
47, 523
List the prime factors of 176.
2, 11
What are the prime factors of 20655?
3, 5, 17
What are the prime factors of 3092?
2, 773
List the prime factors of 42306.
2, 3, 11, 641
What are the prime factors of 111644?
2, 13, 19, 113
What are the prime factors of 85366?
2, 42683
What are the prime factors of 13251?
3, 7, 631
What are the prime factors of 49353?
3, 16451
What are the prime factors of 2079?
3, 7, 11
What are the prime factors of 21892?
2, 13, 421
What are the prime factors of 45805?
5, 9161
What are the prime factors of 1727?
11, 157
List the prime factors of 874.
2, 19, 23
List the prime factors of 1539.
3, 19
What are the prime factors of 20748?
2, 3, 7, 13, 19
What are the prime factors of 80?
2, 5
What are the prime factors of 1807?
13, 139
List the prime factors of 373.
373
What are the prime factors of 711?
3, 79
List the prime factors of 354.
2, 3, 59
List the prime factors of 553.
7, 79
What are the prime factors of 7907?
7907
What are the prime factors of 39460?
2, 5, 1973
What are the prime factors of 747?
3, 83
What are